{"id":109,"date":"2023-05-14T19:56:56","date_gmt":"2023-05-14T17:56:56","guid":{"rendered":"https:\/\/jolie.difadi.net\/?page_id=109"},"modified":"2023-05-14T19:56:56","modified_gmt":"2023-05-14T17:56:56","slug":"consentimiento-para-la-depilacion-laser","status":"publish","type":"page","link":"https:\/\/centrolaserzamora.com\/en\/consentimiento-para-la-depilacion-laser\/","title":{"rendered":"Consentimiento para la depilaci\u00f3n l\u00e1ser"},"content":{"rendered":"<p>La explicaci\u00f3n del tratamiento, su objetivo, ventajas, complicaciones y alternativas de tratamiento ya fueron informados, sin embargo, nuestro sistema legal hace necesario que usted lea este documento y firme la Ficha de LEASER MEDICAL LIGHT dando a entender su aceptaci\u00f3n. Le agradecemos su colaboraci\u00f3n.<\/p>\n<p><a href=\"\/wp-content\/uploads\/2023\/05\/consentimiento_informado_centro_laser_zamora.pdf\" target=\"_blank\" rel=\"noopener\">Descargar este documento en PDF<\/a><\/p>","protected":false},"excerpt":{"rendered":"<p>La explicaci\u00f3n del tratamiento, su objetivo, ventajas, complicaciones y alternativas de tratamiento ya fueron informados, sin embargo, nuestro sistema legal hace necesario que usted lea este documento y firme la Ficha de LEASER MEDICAL LIGHT dando a entender su aceptaci\u00f3n. Le agradecemos su colaboraci\u00f3n. Descargar este documento en PDF<\/p>","protected":false},"author":1,"featured_media":0,"parent":0,"menu_order":0,"comment_status":"closed","ping_status":"closed","template":"","meta":{"footnotes":""},"class_list":["post-109","page","type-page","status-publish","hentry"],"acf":[],"_links":{"self":[{"href":"https:\/\/centrolaserzamora.com\/en\/wp-json\/wp\/v2\/pages\/109","targetHints":{"allow":["GET"]}}],"collection":[{"href":"https:\/\/centrolaserzamora.com\/en\/wp-json\/wp\/v2\/pages"}],"about":[{"href":"https:\/\/centrolaserzamora.com\/en\/wp-json\/wp\/v2\/types\/page"}],"author":[{"embeddable":true,"href":"https:\/\/centrolaserzamora.com\/en\/wp-json\/wp\/v2\/users\/1"}],"replies":[{"embeddable":true,"href":"https:\/\/centrolaserzamora.com\/en\/wp-json\/wp\/v2\/comments?post=109"}],"version-history":[{"count":1,"href":"https:\/\/centrolaserzamora.com\/en\/wp-json\/wp\/v2\/pages\/109\/revisions"}],"predecessor-version":[{"id":111,"href":"https:\/\/centrolaserzamora.com\/en\/wp-json\/wp\/v2\/pages\/109\/revisions\/111"}],"wp:attachment":[{"href":"https:\/\/centrolaserzamora.com\/en\/wp-json\/wp\/v2\/media?parent=109"}],"curies":[{"name":"wp","href":"https:\/\/api.w.org\/{rel}","templated":true}]}}

Consentimiento para la depilación láser

<p>La explicación del tratamiento, su objetivo, ventajas, complicaciones y alternativas de tratamiento ya fueron informados, sin embargo, nuestro sistema legal hace necesario que usted lea este documento y firme la Ficha de LEASER MEDICAL LIGHT dando a entender su aceptación. Le agradecemos su colaboración.</p>
<p><a href="/wp-content/uploads/2023/05/consentimiento_informado_centro_laser_zamora.pdf" target="_blank" rel="noopener">Descargar este documento en PDF</a></p>

<p>La explicación del tratamiento, su objetivo, ventajas, complicaciones y alternativas de tratamiento ya fueron informados, sin embargo, nuestro sistema legal hace necesario que usted lea este documento y firme la Ficha de LEASER MEDICAL LIGHT dando a entender su aceptación. Le agradecemos su colaboración. Descargar este documento en PDF</p>
